?
-6e2
In base 2, what is -100 + 10001111110000010000?
10001111110000001100
In base 4, what is 11032033 - 123?
11031310
In base 5, what is -1 + -30433112?
-30433113
In base 2, what is 100000 + 101011110?
101111110
In base 12, what is 2647b7 + -5?
2647b2
In base 15, what is 7346 - -7?
734d
In base 13, what is 13b25 + -1?
13b24
In base 12, what is -281bb + 17?
-281a4
In base 7, what is -6 + -1256234?
-1256243
In base 4, what is 2131 - -20033?
22230
In base 8, what is 3621 + -66?
3533
In base 6, what is -1 - -25414525?
25414524
In base 6, what is 142 - 1301?
-1115
In base 14, what is -41a2 + 8?
-4198
In base 14, what is -5b2d16 - -1?
-5b2d15
In base 15, what is -4 - 9b60?
-9b64
In base 5, what is 100240 + 30?
100320
In base 10, what is -84981 + 1?
-84980
In base 2, what is -10011000100011100 + 101?
-10011000100010111
In base 16, what is 12306 + 0?
12306
In base 13, what is -19c4c - 0?
-19c4c
In base 9, what is 3 - -38703?
38706
In base 5, what is -12032 - 12?
-12044
In base 4, what is -302 - -122030?
121122
In base 15, what is 1e7 - 5c?
18a
In base 3, what is -12201021201 - -1?
-12201021200
In base 6, what is -1240 - 104042?
-105322
In base 10, what is 644 - 1739?
-1095
In base 10, what is 1 - 1192731?
-1192730
In base 8, what is -2 + 311772?
311770
In base 6, what is 141 - 2245?
-2104
In base 16, what is -784a - 6?
-7850
In base 16, what is 1 - 230f4?
-230f3
In base 5, what is -1121020 + 113?
-1120402
In base 2, what is 110011101 - -11100000010?
100010011111
In base 14, what is -1 - 24bc?
-24bd
In base 4, what is 2 - 1232330?
-1232322
In base 2, what is -100 + 100011101110?
100011101010
In base 7, what is -236213 - -4?
-236206
In base 12, what is -5 - 215277?
-215280
In base 8, what is 5 - -1601305?
1601312
In base 10, what is 177 - 18?
159
In base 12, what is 34 + 758?
790
In base 9, what is -5 + -2073043?
-2073048
In base 14, what is -5bb2 - -3?
-5bad
In base 16, what is 6471 - -59?
64ca
In base 13, what is 2b6015 + -5?
2b6010
In base 2, what is 11101000001 - 0?
11101000001
In base 9, what is -5 - 81280?
-81285
In base 4, what is 0 + 13311232?
13311232
In base 9, what is 5 + -38607?
-38602
In base 2, what is -1100101100100 - -10001000?
-1100011011100
In base 11, what is -2 - -6873?
6871
In base 9, what is -88452 - 3?
-88455
In base 8, what is 37240 - 23?
37215
In base 5, what is -11243 + -3221?
-20014
In base 13, what is -c396b - 2?
-c3970
In base 11, what is 12a13 - 0?
12a13
In base 3, what is -11 - 1120000?
-1120011
In base 5, what is -102202 - 30?
-102232
In base 12, what is -241 + -1b9?
-43a
In base 4, what is -3023 - 11221?
-20310
In base 9, what is -15888241 + 1?
-15888240
In base 9, what is 2 + -124007?
-124005
In base 7, what is 3 + 2042302?
2042305
In base 4, what is 1232 - -20?
1312
In base 4, what is 123 + -1320332?
-1320203
In base 8, what is -737 - -47?
-670
In base 9, what is 4 + 7848?
7853
In base 13, what is -268 - -740?
4a5
In base 2, what is -1101110100111011 + 110?
-1101110100110101
In base 3, what is -11112011021 - 11?
-11112011102
In base 4, what is 11302310 + 130?
11303100
In base 4, what is -210231212 - 1?
-210231213
In base 14, what is -15439 + 2?
-15437
In base 14, what is 49db9 - -1?
49dba
In base 7, what is -4 - 13166?
-13203
In base 9, what is -3148 + -45?
-3204
In base 5, what is 433443 - -31?
434024
In base 13, what is -5874 + 2?
-5872
In base 14, what is 40 - 378?
-338
In base 10, what is -70131 + -2?
-70133
In base 12, what is 8 + 76a7?
76b3
In base 14, what is ab03 + -4?
aadd
In base 9, what is 1172515 - -4?
1172520
In base 2, what is -10011 - 10101110101?
-10110001000
In base 8, what is 1047 + -134?
713
In base 5, what is -2 - 402204121?
-402204123
In base 3, what is 100 - 22110100022?
-22110022222
In base 8, what is -63600 - 0?
-63600
In base 4, what is 3301 - -132?
10033
In base 9, what is 2808106 - -4?
2808111
In base 10, what is -5929 + 46?
-5883
In base 12, what is 63 + -755?
-6b2
In base 15, what is -6289 - -4?
-6285
In base 15, what is 1328 - -3?
132b
In base 4, what is -10 - -333203233?
333203223
In base 6, what is -40 - -5503?
5423
In base 2, what is -100011000000 - 110001?
-100011110001
In base 15, what is -2c97a - 7?
-2c982
In base 6, what is -1 + -105423?
-105424
In base 13, what is 15 + -1325?
-1310
In base 10, what is -4487 + -14?
-4501
In base 11, what is 51077 + 0?
51077
In base 8, what is -1 + -121?
-122
In base 2, what is 0 + 1010001111000100?
1010001111000100
In base 9, what is 72 - -1385?
1467
In base 5, what is 12 - -13?
30
In base 6, what is 250021 - -13?
250034
In base 10, what is -3 - 11126?
-11129
In base 15, what is -d4 - -2a1?
1bc
In base 10, what is 126 + 849?
975
In base 3, what is -102100010 - 12?
-102100022
In base 11, what is -16 + 2008?
1aa2
In base 12, what is 7516 - 8?
750a
In base 10, what is -6 + 108?
102
In base 11, what is -32941 + -2?
-32943
In base 2, what is 11110010110111 - -1?
11110010111000
In base 12, what is 40a3 + 0?
40a3
In base 14, what is 5b82a - -3?
5b82d
In base 7, what is -42342 + -5?
-42350
In base 10, what is 5 - 17382?
-17377
In base 9, what is 7 - -12457?
12465
In base 6, what is 0 + -43503?
-43503
In base 15, what is 1287e - -5?
12884
In base 8, what is -2370 - 764?
-3354
In base 3, what is -102012221222 - 12?
-102012222011
In base 13, what is 2c815 + -7?
2c80b
In base 14, what is -397 + -1a?
-3b3
In base 14, what is 3863 + 13?
3876
In base 13, what is -c06 + b?
-bc8
In base 3, what is 2012 - 2122?
-110
In base 14, what is 1b80 - 1a?
1b64
In base 14, what is 1047b + 3?
10480
In base 15, what is 10 + 23?
33
In base 7, what is -5 + -10016132?
-10016140
In base 14, what is -a713 - 3?
-a716
In base 9, what is -5 - 50115?
-50121
In base 6, what is 54 - 2343?
-2245
In base 6, what is 1 + -112521?
-112520
In base 9, what is -118 - 5060?
-5178
In base 15, what is dab6 + -1?
dab5
In base 3, what is -20002210210 - 10?
-20002210220
In base 16, what is b + -3ee?
-3e3
In base 12, what is -3 + -21b6a?
-21b71
In base 10, what is -106 - -3968?
3862
In base 5, what is 0 - -1020420?
1020420
In base 4, what is -21222 - -10310?
-10312
In base 12, what is 456aa - 3?
456a7
In base 2, what is 10011000010010 - -100?
10011000010110
In base 14, what is 1 + 16621?
16622
In base 13, what is -13210 + 25?
-131b8
In base 7, what is 234 - -4346?
4613
In base 6, what is 23 - -13101?
13124
In base 11, what is -187 + 11a?
-68
In base 8, what is 11 + 43653?
43664
In base 6, what is -51 - 1534?
-2025
In base 10, what is 1 + -35955?
-35954
In base 11, what is 91387 - 2?
91385
In base 15, what is -256 + -1d?
-274
In base 7, what is -3 + -112143?
-112146
In base 11, what is 7400 + -8?
73a3
In base 5, what is 103103 + -233?
102320
In base 4, what is -10121121 - 320?
-10122101
In base 9, what is -10 - -40422?
40412
In base 12, what is 0 - 71526?
-71526
In base 8, what is -16253213 - -4?
-16253207
In base 6, what is -53330331 + -2?
-53330333
In base 15, what is 2 + 60d?
610
In base 16, what is 2 - 1604?
-1602
In base 8, what is -1 - -1467562?
1467561
In base 2, what is -101 + -1000111110011?
-1000111111000
In base 8, what is -151 - 66?
-237
In base 2, what is -101011 - -101100011100101011?
101100011100000000
In base 13, what is 4 + 184c5?
184c9
In base 9, what is 5851661 - 3?
5851657
In base 16, what is 36 - 3149?
-3113
In base 2, what is 11111 + 101000000?
101011111
In base 15, what is -aba93 - 5?
-aba98
In base 13, what is 22cac + 5?
22cb4
In base 3, what is -2102102220 - 22?
-2102110012
In base 12, what is -4a6 + -11?
-4b7
In base 12, what is -65 + -1379?
-1422
In base 14, what is -1da + 11?
-1c9
In base 3, what is 1211 - 2002121?
-2000210
In base 8, what is 17127 - -4?
17133
In base 15, what is 204bd + -4?
204b9
In base 6, what is 40 + -100421?
-100341
In base 13, what is 3 + 76a49?
76a4c
In base 6, what is 123511 - -133?
124044
In base 2, what is 100110011111001 + 1001?
100110100000010
In base 15, what is -2 + -98e1b?
-98e1d
In base 15, what is -1 + 9e07?
9e06
In base 16, what is -165 - 17?
-17c
In base 7, what is 301 + -30155?
-26554
In base 12, what is -75ab - 1a?
-7609
In base 6, what is -20213 + -4451?
-25104
In base 6, what is -4 - 103541?
-103545
In base 8, what is 174235 + 1?
174236
In base 12, what is -39 + 2362?
2325
In base 5, what is -1 - -31030213?
31030212
In base 2, what